{"id":271,"date":"2018-11-27T09:16:54","date_gmt":"2018-11-27T09:16:54","guid":{"rendered":"http:\/\/mdk.webd.pl\/clubsound-management\/index.php\/home\/"},"modified":"2025-05-23T14:26:24","modified_gmt":"2025-05-23T12:26:24","slug":"home","status":"publish","type":"page","link":"https:\/\/clubsound-management.pl\/","title":{"rendered":"Home"},"content":{"rendered":"\n<h2>\n\t\tNAJBLI\u017bSZE WYDARZENIA\n\t<\/h2>\n\t\t\t\t<a href=\"https:\/\/stage24.pl\/events\/sisu-arena-4715\"  target=\"_blank\" rel=\"noopener\"  itemprop=\"url\">\n\t\t\t\t<img loading=\"lazy\" decoding=\"async\" src=\"https:\/\/clubsound-management.pl\/wp-content\/uploads\/2025\/05\/Wydarzenie.png\" alt=\"Wydarzenie\" itemprop=\"image\" height=\"1080\" width=\"1920\" title=\"Wydarzenie\" onerror=\"this.style.display='none'\"  \/>\n\t\t\t\t<\/a>\n\t\t\t\t<a href=\"https:\/\/stage24.pl\/events\/diabblo-jay-bae-matt-bukovski-flex-tjam-hotel-wityng-part-boat-4492\"  target=\"_blank\" rel=\"noopener\"  itemprop=\"url\">\n\t\t\t\t<img loading=\"lazy\" decoding=\"async\" src=\"https:\/\/clubsound-management.pl\/wp-content\/uploads\/2025\/05\/Boat-Party-wydarzenie.jpg\" alt=\"Boat Party wydarzenie\" itemprop=\"image\" height=\"628\" width=\"1200\" title=\"Boat Party wydarzenie\" onerror=\"this.style.display='none'\"  \/>\n\t\t\t\t<\/a>\n<h2>\n\t\tO NAS\n\t<\/h2>\n\t<p>Agencja Clubsound Management oferuje Pa\u0144stwu opraw\u0119 muzyczn\u0105 oraz pomoc przy realizacji imprez firmowych, imprez klubowych, event\u00f3w, festiwali oraz innych imprez kulturalnych. Ponadto Clubsound Management oferuje Pa\u0144stwu pe\u0142n\u0105 obs\u0142ug\u0119 bookingow\u0105 topowych DJ-i oraz producent\u00f3w muzyki klubowej z Polski oraz z zagranicy.<\/p>\n<p>Nasze ponad 25-letnie do\u015bwiadczenie w bran\u017cy oraz realizacja wydarze\u0144 na terenie: Polski, Niemiec, Holandii, Wielkiej Brytanii, Ibizy oraz w Miami, jest dowodem na wysok\u0105 jako\u015b\u0107 \u015bwiadczonych przez nas us\u0142ug. Nowo\u015bci\u0105 w naszej ofercie jest wypo\u017cyczalnia profesjonalnych zestaw\u00f3w dla dj-i , odtwarzaczy , mikser\u00f3w kontroler\u00f3w oraz efektor\u00f3w. Bazuj\u0105c na najnowszych modelach firmy Pioneer zapewniamy pe\u0142ne wsparcie techniczne oraz obs\u0142ug\u0119 przy wyst\u0119pie ka\u017cdego dj-a.<\/p>\n\t\t\t\t\t<img decoding=\"async\" src=\"https:\/\/clubsound-management.pl\/wp-content\/uploads\/2022\/01\/14-12-2019-Mistrzostwa-wydarzenie-1024x536.jpg\" alt=\"\"\/>\n\t\t\t\t\t<img decoding=\"async\" src=\"https:\/\/i.ytimg.com\/vi\/CqODb9NaGEc\/maxresdefault.jpg\" alt=\"youtube-video-thumbnail\"\/>\n\t\t\t\t\t<img decoding=\"async\" src=\"https:\/\/i.ytimg.com\/vi\/U2hjjknEYGw\/maxresdefault.jpg\" alt=\"youtube-video-thumbnail\"\/>\n\t\t<h2>\n\t\tSKLEP\n\t<\/h2>\n\t\t<ul>\n<li>\n\t<a href=\"https:\/\/clubsound-management.pl\/index.php\/kategoria-produktu\/kurs\/\" aria-label=\"View Kurs DJ-ski category\"><img loading=\"lazy\" decoding=\"async\" src=\"https:\/\/clubsound-management.pl\/wp-content\/uploads\/2023\/02\/DSC06762-300x300.jpg\" alt=\"Kurs DJ-ski\" width=\"300\" height=\"300\" srcset=\"https:\/\/clubsound-management.pl\/wp-content\/uploads\/2023\/02\/DSC06762-300x300.jpg 300w, https:\/\/clubsound-management.pl\/wp-content\/uploads\/2023\/02\/DSC06762-150x150.jpg 150w, https:\/\/clubsound-management.pl\/wp-content\/uploads\/2023\/02\/DSC06762-100x100.jpg 100w\" sizes=\"auto, (max-width: 300px) 100vw, 300px\" \/><h2>Kurs DJ-ski<\/h2><mark>3 Products<\/mark><\/a><\/li>\n<li>\n\t<a href=\"https:\/\/clubsound-management.pl\/index.php\/kategoria-produktu\/koszulki\/\" aria-label=\"View Koszulki category\"><img loading=\"lazy\" decoding=\"async\" src=\"https:\/\/clubsound-management.pl\/wp-content\/uploads\/2025\/04\/Angels-Team-Przod-300x300.png\" alt=\"Koszulki\" width=\"300\" height=\"300\" srcset=\"https:\/\/clubsound-management.pl\/wp-content\/uploads\/2025\/04\/Angels-Team-Przod-300x300.png 300w, https:\/\/clubsound-management.pl\/wp-content\/uploads\/2025\/04\/Angels-Team-Przod-150x150.png 150w, https:\/\/clubsound-management.pl\/wp-content\/uploads\/2025\/04\/Angels-Team-Przod-768x768.png 768w, https:\/\/clubsound-management.pl\/wp-content\/uploads\/2025\/04\/Angels-Team-Przod-600x600.png 600w, https:\/\/clubsound-management.pl\/wp-content\/uploads\/2025\/04\/Angels-Team-Przod-100x100.png 100w, https:\/\/clubsound-management.pl\/wp-content\/uploads\/2025\/04\/Angels-Team-Przod.png 843w\" sizes=\"auto, (max-width: 300px) 100vw, 300px\" \/><h2>Koszulki<\/h2><mark>10 Products<\/mark><\/a><\/li>\n<li>\n\t<a href=\"https:\/\/clubsound-management.pl\/index.php\/kategoria-produktu\/gadzety\/\" aria-label=\"View Gad\u017cety category\"><img loading=\"lazy\" decoding=\"async\" src=\"https:\/\/clubsound-management.pl\/wp-content\/uploads\/2025\/04\/IMG-20250414-WA0009-300x300.jpg\" alt=\"Gad\u017cety\" width=\"300\" height=\"300\" srcset=\"https:\/\/clubsound-management.pl\/wp-content\/uploads\/2025\/04\/IMG-20250414-WA0009-300x300.jpg 300w, https:\/\/clubsound-management.pl\/wp-content\/uploads\/2025\/04\/IMG-20250414-WA0009-1024x1024.jpg 1024w, https:\/\/clubsound-management.pl\/wp-content\/uploads\/2025\/04\/IMG-20250414-WA0009-150x150.jpg 150w, https:\/\/clubsound-management.pl\/wp-content\/uploads\/2025\/04\/IMG-20250414-WA0009-768x768.jpg 768w, https:\/\/clubsound-management.pl\/wp-content\/uploads\/2025\/04\/IMG-20250414-WA0009-600x600.jpg 600w, https:\/\/clubsound-management.pl\/wp-content\/uploads\/2025\/04\/IMG-20250414-WA0009-100x100.jpg 100w, https:\/\/clubsound-management.pl\/wp-content\/uploads\/2025\/04\/IMG-20250414-WA0009.jpg 1348w\" sizes=\"auto, (max-width: 300px) 100vw, 300px\" \/><h2>Gad\u017cety<\/h2><mark>8 Products<\/mark><\/a><\/li>\n<\/ul>\n\t<iframe loading=\"lazy\" scrolling=\"no\" id=\"hearthis_at_user_bookingclubsound-management.pl\" width=\"100%\" height=\"350\" src=\"https:\/\/hearthis.at\/bookingclubsound-management.pl\/embed\/\" frameborder=\"0\" allowtransparency><\/iframe>\n\t\t\t\t<img decoding=\"async\" src=\"https:\/\/clubsound-management.pl\/wp-content\/uploads\/2020\/11\/Baner-scaled.jpg\" alt=\"Baner\" itemprop=\"image\" title=\"Baner\" onerror=\"this.style.display='none'\"  \/>\n\t<a target=\"_blank\" href=\"https:\/\/wizytowka.rzetelnafirma.pl\/XJSDBFNF\"><img decoding=\"async\" src=\"https:\/\/aktywnybaner.rzetelnafirma.pl\/ActiveBanner\/GetActiveBannerImage\/13\/XJSDBFNF\"\/><\/a>\n\n","protected":false},"excerpt":{"rendered":"<p>NAJBLI\u017bSZE WYDARZENIA O NAS Agencja Clubsound Management oferuje Pa\u0144stwu opraw\u0119 muzyczn\u0105 oraz pomoc przy realizacji imprez firmowych, imprez klubowych, event\u00f3w, festiwali oraz innych imprez kulturalnych. Ponadto Clubsound Management oferuje Pa\u0144stwu pe\u0142n\u0105 obs\u0142ug\u0119 bookingow\u0105 topowych DJ-i oraz producent\u00f3w muzyki klubowej z Polski oraz z zagranicy. Nasze ponad 25-letnie do\u015bwiadczenie w bran\u017cy oraz realizacja wydarze\u0144 na terenie: [&hellip;]<\/p>\n","protected":false},"author":1,"featured_media":0,"parent":0,"menu_order":0,"comment_status":"closed","ping_status":"closed","template":"","meta":{"site-sidebar-layout":"no-sidebar","site-content-layout":"page-builder","ast-site-content-layout":"","site-content-style":"default","site-sidebar-style":"default","ast-global-header-display":"","ast-banner-title-visibility":"","ast-main-header-display":"","ast-hfb-above-header-display":"","ast-hfb-below-header-display":"","ast-hfb-mobile-header-display":"","site-post-title":"disabled","ast-breadcrumbs-content":"","ast-featured-img":"disabled","footer-sml-layout":"","theme-transparent-header-meta":"enabled","adv-header-id-meta":"","stick-header-meta":"","header-above-stick-meta":"","header-main-stick-meta":"","header-below-stick-meta":"","astra-migrate-meta-layouts":"default","ast-page-background-enabled":"default","ast-page-background-meta":{"desktop":{"background-color":"","background-image":"","background-repeat":"repeat","background-position":"center center","background-size":"auto","background-attachment":"scroll","background-type":"","background-media":"","overlay-type":"","overlay-color":"","overlay-opacity":"","overlay-gradient":""},"tablet":{"background-color":"","background-image":"","background-repeat":"repeat","background-position":"center center","background-size":"auto","background-attachment":"scroll","background-type":"","background-media":"","overlay-type":"","overlay-color":"","overlay-opacity":"","overlay-gradient":""},"mobile":{"background-color":"","background-image":"","background-repeat":"repeat","background-position":"center center","background-size":"auto","background-attachment":"scroll","background-type":"","background-media":"","overlay-type":"","overlay-color":"","overlay-opacity":"","overlay-gradient":""}},"ast-content-background-meta":{"desktop":{"background-color":"var(--ast-global-color-5)","background-image":"","background-repeat":"repeat","background-position":"center center","background-size":"auto","background-attachment":"scroll","background-type":"","background-media":"","overlay-type":"","overlay-color":"","overlay-opacity":"","overlay-gradient":""},"tablet":{"background-color":"var(--ast-global-color-5)","background-image":"","background-repeat":"repeat","background-position":"center center","background-size":"auto","background-attachment":"scroll","background-type":"","background-media":"","overlay-type":"","overlay-color":"","overlay-opacity":"","overlay-gradient":""},"mobile":{"background-color":"var(--ast-global-color-5)","background-image":"","background-repeat":"repeat","background-position":"center center","background-size":"auto","background-attachment":"scroll","background-type":"","background-media":"","overlay-type":"","overlay-color":"","overlay-opacity":"","overlay-gradient":""}},"footnotes":""},"class_list":["post-271","page","type-page","status-publish","hentry"],"_links":{"self":[{"href":"https:\/\/clubsound-management.pl\/index.php\/wp-json\/wp\/v2\/pages\/271","targetHints":{"allow":["GET"]}}],"collection":[{"href":"https:\/\/clubsound-management.pl\/index.php\/wp-json\/wp\/v2\/pages"}],"about":[{"href":"https:\/\/clubsound-management.pl\/index.php\/wp-json\/wp\/v2\/types\/page"}],"author":[{"embeddable":true,"href":"https:\/\/clubsound-management.pl\/index.php\/wp-json\/wp\/v2\/users\/1"}],"replies":[{"embeddable":true,"href":"https:\/\/clubsound-management.pl\/index.php\/wp-json\/wp\/v2\/comments?post=271"}],"version-history":[{"count":23,"href":"https:\/\/clubsound-management.pl\/index.php\/wp-json\/wp\/v2\/pages\/271\/revisions"}],"predecessor-version":[{"id":1531,"href":"https:\/\/clubsound-management.pl\/index.php\/wp-json\/wp\/v2\/pages\/271\/revisions\/1531"}],"wp:attachment":[{"href":"https:\/\/clubsound-management.pl\/index.php\/wp-json\/wp\/v2\/media?parent=271"}],"curies":[{"name":"wp","href":"https:\/\/api.w.org\/{rel}","templated":true}]}}